{"id":283,"date":"2022-07-28T15:29:44","date_gmt":"2022-07-28T13:29:44","guid":{"rendered":"https:\/\/hotelfritz.de\/fritzneu\/?page_id=283"},"modified":"2022-07-28T16:02:19","modified_gmt":"2022-07-28T14:02:19","slug":"283-2","status":"publish","type":"page","link":"https:\/\/hotelfritz.de\/fritzneu\/283-2\/","title":{"rendered":"Weberh\u00e4user und Weberviertel"},"content":{"rendered":"<h2>Weberh\u00e4user und Weberviertel<\/h2>\n<p>Das Weberviertel in Potsdam Babelsberg ist ein Zeugnis der Geschichte der b\u00f6hmischen Protestanten. 1750 gab Friedrich II. den Befehl zur Errichtung des Weberviertels. 1751 wurde mit dem Bau des Viertels begonnen und es entstanden viele kleine Weberh\u00e4uschen. Friedrich II. wollte mit dieser Ma\u00dfnahme neue Siedler in das durch Kriege und Pest gebeutelte Land holen. Er gew\u00e4hrte den b\u00f6hmischen Protestanten Steuer- und Religionsfreiheit und jedem wurde ein Weberh\u00e4uschen mit einem kleinen St\u00fcck Land geschenkt.<br \/>\nDie Weberh\u00e4user sind meist f\u00fcnfachsig und wurden von zwei Familien bewohnt. In der Mitte befand sich die Hauseingangst\u00fcr. Links und rechts davon gab es je zwei Fenster. Der Raum, der sich dahinter verbarg, wurde meist als Wohn- und Arbeitszimmer benutzt. Darin stand oft ein gro\u00dfer Webstuhl. Im hinteren Zimmer befand sich das Schlafzimmer der Eltern. Kinder und Knechte schliefen unter dem Dach. Im Flur unter der Treppe befand sich die K\u00fcche. Sie wurde von beiden Familien genutzt und da sie kein Fenster hatte, wurde sie auch schwarze K\u00fcche genannt. In Ausnahmef\u00e4llen lag die K\u00fcche zur Hofseite und hatte somit einen Lichteinfall, diese K\u00fcchen nannte man deshalb \u201ewei\u00dfe K\u00fcchen\u201c.<\/p>\n<p>Im angrenzenden Hof musste ein Nussbaum gepflanzt werden, das war Pflicht. Die N\u00fcsse konnten die Hausbewohner zum eigenen Verzehr nutzen, das Holz mussten sie jedoch an die Gewehrfabrik Ochsenkopf in Potsdam abliefern. Daraus wurden Gewehrsch\u00e4fte hergestellt. Den Webern ging es die meiste Zeit nicht besonders gut. Anfang 1770 gab Friedrich II. den Befehl, Maulbeerb\u00e4ume f\u00fcr die Seidenraupenzucht anzupflanzen. Es entstanden verschiedene Plantagen rund um das Weberviertel. In der Bl\u00fctezeit gab es dort \u00fcber 3000 solcher B\u00e4ume, es dauerte jedoch nur wenige Jahre, dann war der Bestand auf ca. 300 B\u00e4ume geschrumpft. Heute kann man noch einen Maulbeerbaum an der Ecke Weberplatz finden.<\/p>\n<p>Auf dem Weberplatz steht auch die von Johann Boumann 1752\/1753 f\u00fcr die Weber erbaute Friedrichskirche. Es fanden zun\u00e4chst abwechselnd Gottesdienste in b\u00f6hmisch und deutsch statt. Sp\u00e4ter wurden die b\u00f6hmischen Gottesdienste abgeschafft. Schlendert man heute durch Babelsberg, kann man viele der Weberh\u00e4user entdecken. F\u00fcr eine Besichtigung lohnt sich der Gang in die \u201eNowaweser Weberstube\u201c. Dort kann man sich Dokumente zum Leben und Arbeiten der Weber ansehen, sowie Informationen zur Entwicklung des Stadtteiles Babelsberg bis 1930 einholen. Einen gro\u00dfer Trittwebstuhl ist dort ebenfalls zu besichtigen. Des Weiteren geh\u00f6rt zur Weberstube ein Kr\u00e4utergarten, in dem es heimische Kr\u00e4uter der Gegenwart, aber auch aus Zeiten der Weber gibt.<\/p>\n<p>Die Weberkolonie steht unter Denkmalschutz. Fast alle H\u00e4user wurden originalgetreu saniert, so auch die H\u00e4user des <a href=\"https:\/\/hotelfritz.de\">FRITZ Aparthotels Potsdam<\/a>.<\/p>\n<p><a href=\"http:\/\/hotelfritz.de\/fritzneu\/wp-content\/uploads\/2022\/07\/Weberhaus-am-Weberplatz-Potsdam-Babelsberg.jpg\"><img loading=\"lazy\" class=\"alignnone size-full wp-image-286\" src=\"http:\/\/hotelfritz.de\/fritzneu\/wp-content\/uploads\/2022\/07\/Weberhaus-am-Weberplatz-Potsdam-Babelsberg.jpg\" alt=\"Weberhaus am Weberplatz Potsdam Babelsberg\" width=\"1000\" height=\"563\" srcset=\"https:\/\/hotelfritz.de\/fritzneu\/wp-content\/uploads\/2022\/07\/Weberhaus-am-Weberplatz-Potsdam-Babelsberg.jpg 1000w, https:\/\/hotelfritz.de\/fritzneu\/wp-content\/uploads\/2022\/07\/Weberhaus-am-Weberplatz-Potsdam-Babelsberg-300x169.jpg 300w, https:\/\/hotelfritz.de\/fritzneu\/wp-content\/uploads\/2022\/07\/Weberhaus-am-Weberplatz-Potsdam-Babelsberg-768x432.jpg 768w, https:\/\/hotelfritz.de\/fritzneu\/wp-content\/uploads\/2022\/07\/Weberhaus-am-Weberplatz-Potsdam-Babelsberg-693x390.jpg 693w\" sizes=\"(max-width: 1000px) 100vw, 1000px\" \/><\/a><\/p>\n","protected":false},"excerpt":{"rendered":"<p>Weberh\u00e4user und Weberviertel Das Weberviertel in Potsdam Babelsberg ist ein Zeugnis der Geschichte der b\u00f6hmischen Protestanten. 1750 gab Friedrich II. den Befehl zur Errichtung des &hellip;<\/p>\n","protected":false},"author":1,"featured_media":0,"parent":0,"menu_order":0,"comment_status":"closed","ping_status":"closed","template":"","meta":[],"yoast_head":"<!-- This site is optimized with the Yoast SEO plugin v19.4 - https:\/\/yoast.com\/wordpress\/plugins\/seo\/ -->\n<title>Weberh\u00e4user und Weberviertel - FRITZ Aparthotel Potsdam<\/title>\n<meta name=\"robots\" content=\"index, follow, max-snippet:-1, max-image-preview:large, max-video-preview:-1\" \/>\n<link rel=\"canonical\" href=\"https:\/\/hotelfritz.de\/fritzneu\/283-2\/\" \/>\n<meta property=\"og:locale\" content=\"de_DE\" \/>\n<meta property=\"og:type\" content=\"article\" \/>\n<meta property=\"og:title\" content=\"Weberh\u00e4user und Weberviertel - FRITZ Aparthotel Potsdam\" \/>\n<meta property=\"og:description\" content=\"Weberh\u00e4user und Weberviertel Das Weberviertel in Potsdam Babelsberg ist ein Zeugnis der Geschichte der b\u00f6hmischen Protestanten. 1750 gab Friedrich II. den Befehl zur Errichtung des &hellip;\" \/>\n<meta property=\"og:url\" content=\"https:\/\/hotelfritz.de\/fritzneu\/283-2\/\" \/>\n<meta property=\"og:site_name\" content=\"FRITZ Aparthotel Potsdam\" \/>\n<meta property=\"article:publisher\" content=\"https:\/\/www.facebook.com\/hotelpotsdam\" \/>\n<meta property=\"article:modified_time\" content=\"2022-07-28T14:02:19+00:00\" \/>\n<meta property=\"og:image\" content=\"http:\/\/hotelfritz.de\/fritzneu\/wp-content\/uploads\/2022\/07\/Weberhaus-am-Weberplatz-Potsdam-Babelsberg.jpg\" \/>\n<meta name=\"twitter:card\" content=\"summary_large_image\" \/>\n<meta name=\"twitter:label1\" content=\"Gesch\u00e4tzte Lesezeit\" \/>\n\t<meta name=\"twitter:data1\" content=\"2\u00a0Minuten\" \/>\n<script type=\"application\/ld+json\" class=\"yoast-schema-graph\">{\"@context\":\"https:\/\/schema.org\",\"@graph\":[{\"@type\":\"Organization\",\"@id\":\"http:\/\/hotelfritz.de\/fritzneu\/#organization\",\"name\":\"FRITZ Aparthotel Potsdam\",\"url\":\"http:\/\/hotelfritz.de\/fritzneu\/\",\"sameAs\":[\"https:\/\/www.facebook.com\/hotelpotsdam\"],\"logo\":{\"@type\":\"ImageObject\",\"inLanguage\":\"de\",\"@id\":\"http:\/\/hotelfritz.de\/fritzneu\/#\/schema\/logo\/image\/\",\"url\":\"https:\/\/hotelfritz.de\/fritzneu\/wp-content\/uploads\/2022\/04\/cropped-cropped-Logo-Hotel-Potsdam-Krone.jpg\",\"contentUrl\":\"https:\/\/hotelfritz.de\/fritzneu\/wp-content\/uploads\/2022\/04\/cropped-cropped-Logo-Hotel-Potsdam-Krone.jpg\",\"width\":154,\"height\":133,\"caption\":\"FRITZ Aparthotel Potsdam\"},\"image\":{\"@id\":\"http:\/\/hotelfritz.de\/fritzneu\/#\/schema\/logo\/image\/\"}},{\"@type\":\"WebSite\",\"@id\":\"http:\/\/hotelfritz.de\/fritzneu\/#website\",\"url\":\"http:\/\/hotelfritz.de\/fritzneu\/\",\"name\":\"FRITZ Aparthotel Potsdam\",\"description\":\"Hotel f\u00fcr Business, Privat, Familie\",\"publisher\":{\"@id\":\"http:\/\/hotelfritz.de\/fritzneu\/#organization\"},\"potentialAction\":[{\"@type\":\"SearchAction\",\"target\":{\"@type\":\"EntryPoint\",\"urlTemplate\":\"http:\/\/hotelfritz.de\/fritzneu\/?s={search_term_string}\"},\"query-input\":\"required name=search_term_string\"}],\"inLanguage\":\"de\"},{\"@type\":\"WebPage\",\"@id\":\"https:\/\/hotelfritz.de\/fritzneu\/283-2\/\",\"url\":\"https:\/\/hotelfritz.de\/fritzneu\/283-2\/\",\"name\":\"Weberh\u00e4user und Weberviertel - FRITZ Aparthotel Potsdam\",\"isPartOf\":{\"@id\":\"http:\/\/hotelfritz.de\/fritzneu\/#website\"},\"datePublished\":\"2022-07-28T13:29:44+00:00\",\"dateModified\":\"2022-07-28T14:02:19+00:00\",\"breadcrumb\":{\"@id\":\"https:\/\/hotelfritz.de\/fritzneu\/283-2\/#breadcrumb\"},\"inLanguage\":\"de\",\"potentialAction\":[{\"@type\":\"ReadAction\",\"target\":[\"https:\/\/hotelfritz.de\/fritzneu\/283-2\/\"]}]},{\"@type\":\"BreadcrumbList\",\"@id\":\"https:\/\/hotelfritz.de\/fritzneu\/283-2\/#breadcrumb\",\"itemListElement\":[{\"@type\":\"ListItem\",\"position\":1,\"name\":\"Startseite\",\"item\":\"http:\/\/hotelfritz.de\/fritzneu\/\"},{\"@type\":\"ListItem\",\"position\":2,\"name\":\"Weberh\u00e4user und Weberviertel\"}]}]}<\/script>\n<!-- \/ Yoast SEO plugin. -->","yoast_head_json":{"title":"Weberh\u00e4user und Weberviertel - FRITZ Aparthotel Potsdam","robots":{"index":"index","follow":"follow","max-snippet":"max-snippet:-1","max-image-preview":"max-image-preview:large","max-video-preview":"max-video-preview:-1"},"canonical":"https:\/\/hotelfritz.de\/fritzneu\/283-2\/","og_locale":"de_DE","og_type":"article","og_title":"Weberh\u00e4user und Weberviertel - FRITZ Aparthotel Potsdam","og_description":"Weberh\u00e4user und Weberviertel Das Weberviertel in Potsdam Babelsberg ist ein Zeugnis der Geschichte der b\u00f6hmischen Protestanten. 1750 gab Friedrich II. den Befehl zur Errichtung des &hellip;","og_url":"https:\/\/hotelfritz.de\/fritzneu\/283-2\/","og_site_name":"FRITZ Aparthotel Potsdam","article_publisher":"https:\/\/www.facebook.com\/hotelpotsdam","article_modified_time":"2022-07-28T14:02:19+00:00","og_image":[{"url":"http:\/\/hotelfritz.de\/fritzneu\/wp-content\/uploads\/2022\/07\/Weberhaus-am-Weberplatz-Potsdam-Babelsberg.jpg"}],"twitter_card":"summary_large_image","twitter_misc":{"Gesch\u00e4tzte Lesezeit":"2\u00a0Minuten"},"schema":{"@context":"https:\/\/schema.org","@graph":[{"@type":"Organization","@id":"http:\/\/hotelfritz.de\/fritzneu\/#organization","name":"FRITZ Aparthotel Potsdam","url":"http:\/\/hotelfritz.de\/fritzneu\/","sameAs":["https:\/\/www.facebook.com\/hotelpotsdam"],"logo":{"@type":"ImageObject","inLanguage":"de","@id":"http:\/\/hotelfritz.de\/fritzneu\/#\/schema\/logo\/image\/","url":"https:\/\/hotelfritz.de\/fritzneu\/wp-content\/uploads\/2022\/04\/cropped-cropped-Logo-Hotel-Potsdam-Krone.jpg","contentUrl":"https:\/\/hotelfritz.de\/fritzneu\/wp-content\/uploads\/2022\/04\/cropped-cropped-Logo-Hotel-Potsdam-Krone.jpg","width":154,"height":133,"caption":"FRITZ Aparthotel Potsdam"},"image":{"@id":"http:\/\/hotelfritz.de\/fritzneu\/#\/schema\/logo\/image\/"}},{"@type":"WebSite","@id":"http:\/\/hotelfritz.de\/fritzneu\/#website","url":"http:\/\/hotelfritz.de\/fritzneu\/","name":"FRITZ Aparthotel Potsdam","description":"Hotel f\u00fcr Business, Privat, Familie","publisher":{"@id":"http:\/\/hotelfritz.de\/fritzneu\/#organization"},"potentialAction":[{"@type":"SearchAction","target":{"@type":"EntryPoint","urlTemplate":"http:\/\/hotelfritz.de\/fritzneu\/?s={search_term_string}"},"query-input":"required name=search_term_string"}],"inLanguage":"de"},{"@type":"WebPage","@id":"https:\/\/hotelfritz.de\/fritzneu\/283-2\/","url":"https:\/\/hotelfritz.de\/fritzneu\/283-2\/","name":"Weberh\u00e4user und Weberviertel - FRITZ Aparthotel Potsdam","isPartOf":{"@id":"http:\/\/hotelfritz.de\/fritzneu\/#website"},"datePublished":"2022-07-28T13:29:44+00:00","dateModified":"2022-07-28T14:02:19+00:00","breadcrumb":{"@id":"https:\/\/hotelfritz.de\/fritzneu\/283-2\/#breadcrumb"},"inLanguage":"de","potentialAction":[{"@type":"ReadAction","target":["https:\/\/hotelfritz.de\/fritzneu\/283-2\/"]}]},{"@type":"BreadcrumbList","@id":"https:\/\/hotelfritz.de\/fritzneu\/283-2\/#breadcrumb","itemListElement":[{"@type":"ListItem","position":1,"name":"Startseite","item":"http:\/\/hotelfritz.de\/fritzneu\/"},{"@type":"ListItem","position":2,"name":"Weberh\u00e4user und Weberviertel"}]}]}},"_links":{"self":[{"href":"https:\/\/hotelfritz.de\/fritzneu\/wp-json\/wp\/v2\/pages\/283"}],"collection":[{"href":"https:\/\/hotelfritz.de\/fritzneu\/wp-json\/wp\/v2\/pages"}],"about":[{"href":"https:\/\/hotelfritz.de\/fritzneu\/wp-json\/wp\/v2\/types\/page"}],"author":[{"embeddable":true,"href":"https:\/\/hotelfritz.de\/fritzneu\/wp-json\/wp\/v2\/users\/1"}],"replies":[{"embeddable":true,"href":"https:\/\/hotelfritz.de\/fritzneu\/wp-json\/wp\/v2\/comments?post=283"}],"version-history":[{"count":3,"href":"https:\/\/hotelfritz.de\/fritzneu\/wp-json\/wp\/v2\/pages\/283\/revisions"}],"predecessor-version":[{"id":287,"href":"https:\/\/hotelfritz.de\/fritzneu\/wp-json\/wp\/v2\/pages\/283\/revisions\/287"}],"wp:attachment":[{"href":"https:\/\/hotelfritz.de\/fritzneu\/wp-json\/wp\/v2\/media?parent=283"}],"curies":[{"name":"wp","href":"https:\/\/api.w.org\/{rel}","templated":true}]}}

Weberhäuser und Weberviertel

<h2>Weberhäuser und Weberviertel</h2>
<p>Das Weberviertel in Potsdam Babelsberg ist ein Zeugnis der Geschichte der böhmischen Protestanten. 1750 gab Friedrich II. den Befehl zur Errichtung des Weberviertels. 1751 wurde mit dem Bau des Viertels begonnen und es entstanden viele kleine Weberhäuschen. Friedrich II. wollte mit dieser Maßnahme neue Siedler in das durch Kriege und Pest gebeutelte Land holen. Er gewährte den böhmischen Protestanten Steuer- und Religionsfreiheit und jedem wurde ein Weberhäuschen mit einem kleinen Stück Land geschenkt.<br />
Die Weberhäuser sind meist fünfachsig und wurden von zwei Familien bewohnt. In der Mitte befand sich die Hauseingangstür. Links und rechts davon gab es je zwei Fenster. Der Raum, der sich dahinter verbarg, wurde meist als Wohn- und Arbeitszimmer benutzt. Darin stand oft ein großer Webstuhl. Im hinteren Zimmer befand sich das Schlafzimmer der Eltern. Kinder und Knechte schliefen unter dem Dach. Im Flur unter der Treppe befand sich die Küche. Sie wurde von beiden Familien genutzt und da sie kein Fenster hatte, wurde sie auch schwarze Küche genannt. In Ausnahmefällen lag die Küche zur Hofseite und hatte somit einen Lichteinfall, diese Küchen nannte man deshalb „weiße Küchen“.</p>
<p>Im angrenzenden Hof musste ein Nussbaum gepflanzt werden, das war Pflicht. Die Nüsse konnten die Hausbewohner zum eigenen Verzehr nutzen, das Holz mussten sie jedoch an die Gewehrfabrik Ochsenkopf in Potsdam abliefern. Daraus wurden Gewehrschäfte hergestellt. Den Webern ging es die meiste Zeit nicht besonders gut. Anfang 1770 gab Friedrich II. den Befehl, Maulbeerbäume für die Seidenraupenzucht anzupflanzen. Es entstanden verschiedene Plantagen rund um das Weberviertel. In der Blütezeit gab es dort über 3000 solcher Bäume, es dauerte jedoch nur wenige Jahre, dann war der Bestand auf ca. 300 Bäume geschrumpft. Heute kann man noch einen Maulbeerbaum an der Ecke Weberplatz finden.</p>
<p>Auf dem Weberplatz steht auch die von Johann Boumann 1752/1753 für die Weber erbaute Friedrichskirche. Es fanden zunächst abwechselnd Gottesdienste in böhmisch und deutsch statt. Später wurden die böhmischen Gottesdienste abgeschafft. Schlendert man heute durch Babelsberg, kann man viele der Weberhäuser entdecken. Für eine Besichtigung lohnt sich der Gang in die „Nowaweser Weberstube“. Dort kann man sich Dokumente zum Leben und Arbeiten der Weber ansehen, sowie Informationen zur Entwicklung des Stadtteiles Babelsberg bis 1930 einholen. Einen großer Trittwebstuhl ist dort ebenfalls zu besichtigen. Des Weiteren gehört zur Weberstube ein Kräutergarten, in dem es heimische Kräuter der Gegenwart, aber auch aus Zeiten der Weber gibt.</p>
<p>Die Weberkolonie steht unter Denkmalschutz. Fast alle Häuser wurden originalgetreu saniert, so auch die Häuser des <a href="https://hotelfritz.de">FRITZ Aparthotels Potsdam</a>.</p>
<p><a href="http://hotelfritz.de/fritzneu/wp-content/uploads/2022/07/Weberhaus-am-Weberplatz-Potsdam-Babelsberg.jpg"><img loading="lazy" class="alignnone size-full wp-image-286" src="http://hotelfritz.de/fritzneu/wp-content/uploads/2022/07/Weberhaus-am-Weberplatz-Potsdam-Babelsberg.jpg" alt="Weberhaus am Weberplatz Potsdam Babelsberg" width="1000" height="563" srcset="https://hotelfritz.de/fritzneu/wp-content/uploads/2022/07/Weberhaus-am-Weberplatz-Potsdam-Babelsberg.jpg 1000w, https://hotelfritz.de/fritzneu/wp-content/uploads/2022/07/Weberhaus-am-Weberplatz-Potsdam-Babelsberg-300x169.jpg 300w, https://hotelfritz.de/fritzneu/wp-content/uploads/2022/07/Weberhaus-am-Weberplatz-Potsdam-Babelsberg-768x432.jpg 768w, https://hotelfritz.de/fritzneu/wp-content/uploads/2022/07/Weberhaus-am-Weberplatz-Potsdam-Babelsberg-693x390.jpg 693w" sizes="(max-width: 1000px) 100vw, 1000px" /></a></p>

<p>Weberhäuser und Weberviertel Das Weberviertel in Potsdam Babelsberg ist ein Zeugnis der Geschichte der böhmischen Protestanten. 1750 gab Friedrich II. den Befehl zur Errichtung des &hellip;</p>

<!-- This site is optimized with the Yoast SEO plugin v19.4 - https://yoast.com/wordpress/plugins/seo/ -->
<title>Weberhäuser und Weberviertel - FRITZ Aparthotel Potsdam</title>
<meta name="robots" content="index, follow, max-snippet:-1, max-image-preview:large, max-video-preview:-1" />
<link rel="canonical" href="https://hotelfritz.de/fritzneu/283-2/" />
<meta property="og:locale" content="de_DE" />
<meta property="og:type" content="article" />
<meta property="og:title" content="Weberhäuser und Weberviertel - FRITZ Aparthotel Potsdam" />
<meta property="og:description" content="Weberhäuser und Weberviertel Das Weberviertel in Potsdam Babelsberg ist ein Zeugnis der Geschichte der böhmischen Protestanten. 1750 gab Friedrich II. den Befehl zur Errichtung des &hellip;" />
<meta property="og:url" content="https://hotelfritz.de/fritzneu/283-2/" />
<meta property="og:site_name" content="FRITZ Aparthotel Potsdam" />
<meta property="article:publisher" content="https://www.facebook.com/hotelpotsdam" />
<meta property="article:modified_time" content="2022-07-28T14:02:19+00:00" />
<meta property="og:image" content="http://hotelfritz.de/fritzneu/wp-content/uploads/2022/07/Weberhaus-am-Weberplatz-Potsdam-Babelsberg.jpg" />
<meta name="twitter:card" content="summary_large_image" />
<meta name="twitter:label1" content="Geschätzte Lesezeit" />
	<meta name="twitter:data1" content="2 Minuten" />
<script type="application/ld+json" class="yoast-schema-graph">{"@context":"https://schema.org","@graph":[{"@type":"Organization","@id":"http://hotelfritz.de/fritzneu/#organization","name":"FRITZ Aparthotel Potsdam","url":"http://hotelfritz.de/fritzneu/","sameAs":["https://www.facebook.com/hotelpotsdam"],"logo":{"@type":"ImageObject","inLanguage":"de","@id":"http://hotelfritz.de/fritzneu/#/schema/logo/image/","url":"https://hotelfritz.de/fritzneu/wp-content/uploads/2022/04/cropped-cropped-Logo-Hotel-Potsdam-Krone.jpg","contentUrl":"https://hotelfritz.de/fritzneu/wp-content/uploads/2022/04/cropped-cropped-Logo-Hotel-Potsdam-Krone.jpg","width":154,"height":133,"caption":"FRITZ Aparthotel Potsdam"},"image":{"@id":"http://hotelfritz.de/fritzneu/#/schema/logo/image/"}},{"@type":"WebSite","@id":"http://hotelfritz.de/fritzneu/#website","url":"http://hotelfritz.de/fritzneu/","name":"FRITZ Aparthotel Potsdam","description":"Hotel für Business, Privat, Familie","publisher":{"@id":"http://hotelfritz.de/fritzneu/#organization"},"potentialAction":[{"@type":"SearchAction","target":{"@type":"EntryPoint","urlTemplate":"http://hotelfritz.de/fritzneu/?s={search_term_string}"},"query-input":"required name=search_term_string"}],"inLanguage":"de"},{"@type":"WebPage","@id":"https://hotelfritz.de/fritzneu/283-2/","url":"https://hotelfritz.de/fritzneu/283-2/","name":"Weberhäuser und Weberviertel - FRITZ Aparthotel Potsdam","isPartOf":{"@id":"http://hotelfritz.de/fritzneu/#website"},"datePublished":"2022-07-28T13:29:44+00:00","dateModified":"2022-07-28T14:02:19+00:00","breadcrumb":{"@id":"https://hotelfritz.de/fritzneu/283-2/#breadcrumb"},"inLanguage":"de","potentialAction":[{"@type":"ReadAction","target":["https://hotelfritz.de/fritzneu/283-2/"]}]},{"@type":"BreadcrumbList","@id":"https://hotelfritz.de/fritzneu/283-2/#breadcrumb","itemListElement":[{"@type":"ListItem","position":1,"name":"Startseite","item":"http://hotelfritz.de/fritzneu/"},{"@type":"ListItem","position":2,"name":"Weberhäuser und Weberviertel"}]}]}</script>
<!-- / Yoast SEO plugin. -->

Weberhäuser und Weberviertel - FRITZ Aparthotel Potsdam

Weberhäuser und Weberviertel Das Weberviertel in Potsdam Babelsberg ist ein Zeugnis der Geschichte der böhmischen Protestanten. 1750 gab Friedrich II. den Befehl zur Errichtung des &hellip;

Hotel für Business, Privat, Familie
